4*n - 5. Determine x(4).
11
Let p(k) = 2*k**2 + 27*k - 7. What is p(-14)?
7
Let r(u) = -u**2 + 4*u + 49. What is r(-6)?
-11
Let g(i) = 22*i - 439. What is g(20)?
1
Let s(i) = -3*i**2 + 20*i - 18. Calculate s(1).
-1
Let n(w) = -7*w - 106. What is n(-14)?
-8
Let y(n) = 4*n**2 + 19*n + 6. Determine y(-5).
11
Let g(c) = -c**2 - 4*c + 3. Determine g(-3).
6
Let q(w) = -224*w - 2. What is q(0)?
-2
Let r(z) = -5*z + 3. What is r(9)?
-42
Let y(i) = -21*i - 137. Give y(-9).
52
Let g(r) = -2*r**2 + r + 7. Calculate g(0).
7
Let b(t) = -t**3 + 14*t**2 - 10*t - 36. Calculate b(13).
3
Let d(i) = i**3 + 6*i**2 + 8*i + 6. Determine d(-4).
6
Let v(y) = -2*y - 6. Calculate v(-4).
2
Let i(q) = q**2 - 3*q + 19. Calculate i(4).
23
Let f(t) = 3*t - 7. Determine f(-9).
-34
Let x(o) = 13*o - 2. What is x(-3)?
-41
Let k(i) = 2*i + 22. Calculate k(-13).
-4
Let x(d) = -2*d**3 - 10*d**2 + d + 27. Determine x(-5).
22
Let v(k) = -k**2 - 17*k - 55. What is v(-12)?
5
Let k(a) = -4*a**3 - 33*a**2 - 4*a + 14. Calculate k(-8).
-18
Let a(t) = t. What is a(1)?
1
Let n(d) = -4*d - 26. What is n(-18)?
46
Let j(r) = -r**2 - 33*r + 147. What is j(-37)?
-1
Let g(s) = s**3 + 21*s**2 + 67*s - 28. What is g(-17)?
-11
Let y(u) = -u**2 + u - 14. What is y(0)?
-14
Let a(z) = -10*z + 62. Give a(0).
62
Let r(t) = -t + 1. Give r(-1).
2
Let r(h) = -4*h + 31. Calculate r(5).
11
Let g(l) = -l**3 + 8*l**2 + 6*l + 11. What is g(6)?
119
Let p(l) = 37*l**2 + l. Determine p(-1).
36
Let b(i) = -i**2 - 2*i. Calculate b(-4).
-8
Let x(b) = b**2 + 15*b + 20. What is x(-20)?
120
Let j(c) = 12*c**3 - c. Give j(-1).
-11
Let q(l) = -l - 103. What is q(0)?
-103
Let q(z) = 9*z**2 - 2*z - 2. Give q(-2).
38
Let f(r) = r**3 - 7*r**2 + 7*r. What is f(6)?
6
Let j(c) = -24*c - 30. Calculate j(-2).
18
Let u(a) = -2*a**3 + a**2 - a - 27. Give u(0).
-27
Let s(p) = p**3 - 27*p**2 + 24*p + 40. Give s(26).
-12
Let s(y) = 2*y**3 - 12*y**2 - 13*y - 13. Determine s(7).
-6
Let t(r) = r**3 + 10*r**2 - 13*r - 9. Give t(-11).
13
Let z(w) = w**3 + w**2 + 3*w + 2. Give z(-2).
-8
Let m(y) = -2*y**2 - 10*y - 2. Give m(-5).
-2
Let s(z) = 2*z - 9. What is s(5)?
1
Let l(v) = -7*v**2 + 5*v - 1. What is l(2)?
-19
Let x(k) = 2*k + 5. Calculate x(-5).
-5
Let n(y) = -y + 13. Calculate n(-5).
18
Let b(t) = t - 2. What is b(-3)?
-5
Let z(a) = -a**2 - 5*a - 2. Calculate z(0).
-2
Let o(s) = 2*s**2 - 30*s - 17. Calculate o(15).
-17
Let y(l) = -2*l**2 + 38*l - 158. Determine y(6).
-2
Let o(s) = 3*s**2 + 3*s - 5. What is o(2)?
13
Let r(o) = -3*o**2 + 2*o - 1. Determine r(3).
-22
Let z(t) = 14*t. Give z(1).
14
Let l(n) = -n**3 + 11*n**2 - 18*n + 8. Calculate l(9).
8
Let j(b) = -2*b**2 + 3*b + 4. Determine j(3).
-5
Let b(y) = y**2 + 10*y + 8. Calculate b(-4).
-16
Let i(m) = -109*m + 434. Give i(4).
-2
Let v(b) = -b**3 + 11*b**2 + 3*b - 18. Calculate v(11).
15
Let g(r) = -3*r + 6. What is g(7)?
-15
Let u(z) = -z**2 - 7*z + 9. What is u(-8)?
1
Let w(f) = -4*f - 22. Determine w(0).
-22
Let n(y) = 23*y**3 - 3*y**2 + 4*y - 2. What is n(1)?
22
Let r(u) = -3*u + 13. Determine r(22).
-53
Let f(a) = -a - 13. Give f(-4).
-9
Let k(x) = -x**3 + 6*x**2 - 4*x - 3. What is k(5)?
2
Let g(x) = x**3 - 8*x**2 + 7*x. What is g(7)?
0
Let s(b) = -3*b + 32. Calculate s(7).
11
Let r(a) = -3*a**3 + 5*a**2 - 3*a + 4. What is r(3)?
-41
Let w(n) = -3*n**2 - 6*n. Determine w(-4).
-24
Let u(w) = -3*w + 16. Give u(5).
1
Let d(t) = 4*t - 166. Determine d(34).
-30
Let h(j) = 66*j + 1066. What is h(-16)?
10
Let n(i) = i**2 + 3*i - 2. Calculate n(0).
-2
Let b(x) = -x**2 + 37*x - 211. What is b(7)?
-1
Let r(g) = g**3 + 6*g**2 + g + 3. What is r(-6)?
-3
Let m(j) = 2*j**3 + 9*j**2 + 10*j + 5. Give m(-3).
2
Let z(f) = -4*f**2 + 18*f + 2. Determine z(6).
-34
Let z(t) = t - 16. Calculate z(8).
-8
Let m(t) = -t**2 - 9*t - 9. Calculate m(-4).
11
Let u(i) = 12*i + 7. What is u(-8)?
-89
Let w(d) = 6*d + 7. Give w(7).
49
Let p(f) = -53*f**3 + 3*f**2 - 2*f + 1. Determine p(1).
-51
Let o(t) = -t**3 - 12*t**2 + 12*t - 18. Calculate o(-13).
-5
Let f(a) = -a**2 + 4*a - 11. Give f(6).
-23
Let p(g) = 3*g**2 + 3*g + 3. Determine p(-4).
39
Let q(j) = -j**3 + 31*j**2 + 103*j - 43. Give q(34).
-9
Let r(q) = -q**3 + 14*q**2 - 35*q - 3. Give r(10).
47
Let c(h) = h**3 + 15*h**2 + 27*h - 10. Calculate c(-13).
-23
Let j(c) = -c**3 - 22*c**2 + 21*c - 46. Calculate j(-23).
0
Let f(j) = j**2 - 10*j + 13. Determine f(9).
4
Let u(s) = -3*s**3 - 10*s**2 - 3*s - 5. Give u(-3).
-5
Let t(v) = 8*v. What is t(-2)?
-16
Let n(a) = 2*a + 43. What is n(11)?
65
Let c(t) = -4*t + 32. Calculate c(8).
0
Let h(a) = a**2 - 33*a - 51. Calculate h(35).
19
Let h(j) = j + 18. What is h(-15)?
3
Let k(s) = 2*s**3 - 77*s**2 + 41*s - 110. What is k(38)?
4
Let q(v) = v**3 - v**2 - 5*v - 16. Determine q(-4).
-76
Let s(k) = 36*k**2 + 3*k - 2. Calculate s(1).
37
Let v(y) = 2*y**2 - 11*y - 22. Give v(9).
41
Let k(c) = c**3 + 6*c**2 - 8*c - 7. Determine k(-7).
0
Let d(r) = -46*r - 1153. Calculate d(-25).
-3
Let i(t) = -t**3 - 4*t**2 - 2*t + 8. Give i(-3).
5
Let b(v) = -v**3 - 8*v**2 - 4*v + 13. Determine b(-7).
-8
Let r(n) = 5*n + 7. Calculate r(-6).
-23
Let o(n) = 13*n**3 + 3*n**2 + 3*n + 4. Calculate o(-2).
-94
Let m(n) = -3*n + 19. What is m(5)?
4
Let y(m) = 9*m**2 - m - 1. Determine y(-1).
9
Let l(w) = w**3 - 11*w**2 + 6*w - 28. Give l(11).
38
Let u(a) = -109*a - 1532. What is u(-14)?
-6
Let g(h) = h - 9. Calculate g(8).
-1
Let a(q) = q**3 + 3*q**2 + 4*q + 4. Determine a(-3).
-8
Let i(z) = -z**2 + 6*z - 14. Determine i(8).
-30
Let a(w) = w**3 - 16*w**2 - 17*w + 7. Give a(17).
7
Let f(u) = 10*u + 8. Give f(-5).
-42
Let a(j) = 2*j - 8. What is a(-8)?
-24
Let l(g) = -g**2 + 8*g + 13. Calculate l(9).
4
Let p(d) = -3*d**3 + 4*d**2 - 4*d + 3. What is p(2)?
-13
Let g(n) = -14*n - 6. What is g(0)?
-6
Let f(k) = k**3 + 5*k**2 - 13*k + 10. Calculate f(-7).
3
Let p(o) = -o**3 + 16*o**2 + 15*o + 7. Give p(17).
-27
Let k(d) = d**2 + 14*d - 57. Determine k(-17).
-6
Let y(f) = f**2 + 11*f - 13. Determine y(-10).
-23
Let q(z) = -2*z**2 + 22*z - 3. What is q(9)?
33
Let g(k) = -k**3 - 6*k**2 + 3*k - 8. Determine g(-7).
20
Let x(q) = q + 17. Determine x(-10).
7
Let k(l) = -l**3 - 9*l**2 - 3*l - 20. Give k(-9).
7
Let n(u) = -7*u + 102. Give n(15).
-3
Let b(a) = -4*a**2 - 37*a + 72. Determine b(-11).
-5
Let y(x) = 7*x - 13. Calculate y(-5).
-48
Let g(h) = h**3 - 11*h**2 + 14*h + 38. Give g(9).
2
Let c(t) = t**2 + 6*t + 2. What is c(-6)?
2
Let c(b) = -b - 6. Calculate c(14).
-20
Let d(s) = -s**2 - 4*s + 1. What is d(-2)?
5
Let a(w) = -w - 19. Give a(-10).
-9
Let b(l) = 16*l + 725. Determine b(-45).
5
Let b(u) = 8*u**2 + 3*u - 2. What is b(2)?
36
Let i(w) = -w**2 - 2*w - 6. Calculate i(-5).
-21
Let z(f) = 21*f - 8. Determine z(1).
13
Let a(o) = 7*o**3 + 3*o - 2. Give a(1).
8
Let f(x) = 21*x - 31. What is f(3)?
32
Let w(k) = k**3 + 11*k**2 + 16*k - 11. Give w(-9).
7
Let y(b) = 13*b - 748. Calculate y(57).
-7
Let o(p) = p**2 - p - 4. What is o(0)?
-4
Let t(w) = -w**2 + 7*w. What is t(6)?
6
Let k(z) = z**3 + 10*z**2 + 10*z + 9. Determine k(-9).
0
Let q(p) = 6*p - 54. Calculate q(7).
-12
Let l(t) = 5*t + 110. What is l(-22)?
0
Let c(a) = -5*a - 14. Determine c(6).
-44
Let w(p) = -2*p**3 - p**2 - p + 3. What is w(-2)?
17
Let b(h) = 6*h - 3. Give b(-2).
-15
Let t(y) = 5*y**2 - 8*y - 8. Give t(-1).
5
Let a(m) = 6*m**2 - 2*m + 1. Give a(-2).
29
Let g(r) = -r**2 + 14*r - 8. What is g(6)?
40
Let t(i) = -i**3 - 6*i**2 + 10*i + 12. What is t(-7)?
-9
Let d(a) = a**2 - 27*a + 34. Calculate d(25).
-16
Let p(k) = k**3 - 5*k**2 - 35*k + 141. What is p(7)?
-6
Let l(k) = 25*k + 157. Calculate l(-8).
-43
Let l(w) = -8*w + 5. Give l(5).
-35
Let b(t) = 6*t - 1. Give b(1).
5
Let q(b) = b**3 - 35*b**2 + 173*b + 24. What is q(29)?
-5
Let d(s) = 6*s + 3. Give d(-2).
-9
Let t(w) = -2*w - 12. What is t(-2)?
-8
Let m(i) = -i**3 - 17*i**2 + 42*i + 45. What is m(-19)?
-31
Let j(g) = g**2 - 4*g - 33. Determine j(14).
107
Let l(x) = 2*x**2 + 18*x + 5. Give l(-6).
-31
Let c(t) = -t**2 + 9*t + 17. Determine c(-3).
-19
Let h(v) = v**3 + 39*v**2 + 45*v + 270. Give h(-38).
4
Let t(u) = 2*u + 59. Calculate t(-24).
11
Let m(g) = -g**3 + 2*g**2 + 4*g - 2. Give m(3).
1
Let i(g) = -g**2 - 9*g - 12. What is i(-8)?
-4
Let q(w) = -w**3 + 11*w**2 - 19*w + 15. What is q(9)?
6
Let s(y) = 8*y + 11. Calculate s